{"id":1136,"date":"2019-07-03T16:47:16","date_gmt":"2019-07-03T14:47:16","guid":{"rendered":"http:\/\/pastalori.it\/bio\/?page_id=1136"},"modified":"2019-07-03T16:47:16","modified_gmt":"2019-07-03T14:47:16","slug":"privacy-policy","status":"publish","type":"page","link":"https:\/\/pastalori.it\/bio\/privacy-policy\/","title":{"rendered":"Privacy Policy"},"content":{"rendered":"<p>&nbsp;<\/p>\n<p><b>Privacy<\/b><\/p>\n<p>Informativa resa ai sensi degli articoli 13-14 del GDPR 2016\/679 (General Data Protection Regulation)<\/p>\n<p>Ai sensi dell\u2019art. 13 del Regolamento UE 2016\/679 ed in relazione alle informazioni di cui si entrer\u00e0 in possesso, ai fini della tutela delle persone e altri soggetti in materia di trattamento di dati personali, si informa quanto segue:<\/p>\n<p><b>1. Finalit\u00e0 del Trattamento\u00a0<\/b><br \/>\nI dati da Lei forniti verranno utilizzati allo scopo e per il fine di tracciare in maniera anonima il comportamento degli utenti sul presente sito e per promuovere l\u2019attivit\u00e0 di produzione vendita di divani da parte della societ\u00e0 Maxdivani.<\/p>\n<p><b>2. Modalit\u00e0 del Trattamento<\/b><br \/>\nLe modalit\u00e0 con la quale verranno trattati i dati personali contemplano sia sistemi manuali che automatici e semiautomatici.<\/p>\n<p><b>3. Conferimento dei dati\u00a0<\/b><br \/>\nIl conferimento dei dati per le finalit\u00e0 di cui al punto 1 \u00e8 obbligatorio in quanto anonimo a fini statistici mentre \u00e8 facoltativo in tutti gli altri casi e l\u2019eventuale rifiuto dell\u2019autorizzazione non comprometter\u00e0 la fruizione del servizio<\/p>\n<p><b>4. Comunicazione e diffusione dei dati<\/b><br \/>\nI dati forniti potranno essere comunicati a a terzi per i finalit\u00e0 indicate. L\u2019elenco di eventuali responsabili del trattamento \u00e8 custodito presso la sede legale della societ\u00e0 e potr\u00e0 essere richiesto al titolare del trattamento.<\/p>\n<p><b>5. Titolare del Trattamento<\/b><br \/>\nIl titolare del trattamento dei dati personali \u00e8 l\u2019amministratore pro tempore della societ\u00e0<br \/>\nFOOD SERVICE S.R.L. \u2013 P.IVA 06576940727 \u2013 VIA DEL FRAGNO, 42 \u2013 70022 ALTAMURA (BA)<\/p>\n<p><b>6. Diritti dell\u2019interessato<\/b><br \/>\nIn ogni momento, Lei potr\u00e0 esercitare, ai sensi degli articoli dal 15 al 22 del Regolamento UE n. 2016\/679, il diritto di:<\/p>\n<ul>\n<li>chiedere la conferma dell\u2019esistenza o meno di propri dati personali;<\/li>\n<li>ottenere le indicazioni circa le finalit\u00e0 del trattamento, le categorie dei dati personali, i destinatari o le categorie di destinatari a cui i dati personali sono stati o saranno comunicati e, quando possibile, il periodo di conservazione;<\/li>\n<li>ottenere la rettifica e la cancellazione dei dati;<\/li>\n<li>ottenere la limitazione del trattamento;<\/li>\n<li>ottenere la portabilit\u00e0 dei dati, ossia riceverli da un titolare del trattamento, in un formato strutturato, di uso comune e leggibile da dispositivo automatico, e trasmetterli ad un altro titolare del trattamento senza impedimenti;<\/li>\n<li>opporsi al trattamento in qualsiasi momento ed anche nel caso di trattamento per finalit\u00e0 di marketing diretto;<\/li>\n<li>opporsi ad un processo decisionale automatizzato relativo alle persone fisiche, compresa la profilazione.<\/li>\n<li>chiedere al titolare del trattamento l\u2019accesso ai dati personali e la rettifica o la cancellazione degli stessi o la limitazione del trattamento che lo riguardano o di opporsi al loro trattamento, oltre al diritto alla portabilit\u00e0 dei dati;<\/li>\n<li>revocare il consenso in qualsiasi momento senza pregiudicare la liceit\u00e0 del trattamento basata sul consenso prestato prima della revoca;<\/li>\n<li><a name=\"_GoBack\"><\/a> proporre reclamo a un\u2019autorit\u00e0 di controllo. Pu\u00f2 esercitare i Suoi diritti con richiesta inviata all\u2019indirizzo email lori@pastalori.it<\/li>\n<\/ul>\n<p><b>7. Cookie<\/b><br \/>\nQuesto sito utilizza i cookie, i cookie sono dei file che vengono installati sul tuo PC per migliorare la tua esperienza di navigazione.<br \/>\nEsistono cookie tecnici che servono al funzionamento del sito e all\u2019analisi statistica (anonima) del comportamento degli utenti. Questi cookie non richiedono la tua approvazione.<br \/>\nEsistono cookie di terze parti che servono a profilare sia in maniera anonima che non il comportamento degli utenti. per questi cookie \u00e8 richiesta la tua approvazione.<\/p>\n<p>I cookie possono essere eliminati accedendo alle impostazioni del tuo browser.<\/p>\n<p><b>Elenco cookie<\/b><\/p>\n<table width=\"789\" cellspacing=\"0\" cellpadding=\"5\">\n<colgroup>\n<col width=\"107\" \/>\n<col width=\"112\" \/>\n<col width=\"108\" \/>\n<col width=\"420\" \/> <\/colgroup>\n<thead>\n<tr valign=\"top\">\n<td bgcolor=\"#e2e2e2\" width=\"107\"><b>COOKIE<\/b><\/td>\n<td bgcolor=\"#e2e2e2\" width=\"112\"><b>TYPE<\/b><\/td>\n<td bgcolor=\"#e2e2e2\" width=\"108\"><b>DURATION<\/b><\/td>\n<td bgcolor=\"#e2e2e2\" width=\"420\"><b>DESCRIPTION<\/b><\/td>\n<\/tr>\n<\/thead>\n<tbody>\n<tr valign=\"top\">\n<td width=\"107\">Accettazione cookie<\/td>\n<td width=\"112\">Tecnico<\/td>\n<td width=\"108\">2 anni<\/td>\n<td width=\"420\">Indica se i cookie sono stati accettati o meno su questo sito e la sua policy \u00e8 questa che leggi<\/td>\n<\/tr>\n<tr valign=\"top\">\n<td bgcolor=\"#fbfbfb\" width=\"107\">Google Analytics<\/td>\n<td bgcolor=\"#fbfbfb\" width=\"112\">Statistico anonimizzato &#8211; Terze parti<\/td>\n<td bgcolor=\"#fbfbfb\" width=\"108\">2 anni<\/td>\n<td bgcolor=\"#fbfbfb\" width=\"420\">Tiene traccia in maniera anonima del comportamento degli utenti sul sito, usato solo a fini statistici per migliorare l&#8217;esperienza di navigazione. Potete trovare la sua policy al seguente link:\u00a0<a href=\"https:\/\/support.google.com\/analytics\/answer\/6004245?hl=it\"><u>https:\/\/support.google.com\/analytics\/answer\/6004245?hl=it<\/u><\/a><\/td>\n<\/tr>\n<\/tbody>\n<\/table>\n<p>&nbsp;<\/p>\n","protected":false},"excerpt":{"rendered":"<p>&nbsp; Privacy Informativa resa ai sensi degli articoli 13-14 del GDPR 2016\/679 (General Data Protection Regulation) Ai sensi dell\u2019art. 13 del Regolamento UE 2016\/679 ed in<span class=\"excerpt-hellip\"> [\u2026]<\/span><\/p>\n","protected":false},"author":1,"featured_media":0,"parent":0,"menu_order":0,"comment_status":"closed","ping_status":"closed","template":"","meta":{"footnotes":""},"class_list":["post-1136","page","type-page","status-publish","hentry"],"yoast_head":"<!-- This site is optimized with the Yoast SEO plugin v27.0 - https:\/\/yoast.com\/product\/yoast-seo-wordpress\/ -->\n<title>Privacy Policy - PastaLori BIO<\/title>\n<meta name=\"robots\" content=\"index, follow, max-snippet:-1, max-image-preview:large, max-video-preview:-1\" \/>\n<link rel=\"canonical\" href=\"https:\/\/pastalori.it\/bio\/privacy-policy\/\" \/>\n<meta property=\"og:locale\" content=\"it_IT\" \/>\n<meta property=\"og:type\" content=\"article\" \/>\n<meta property=\"og:title\" content=\"Privacy Policy - PastaLori BIO\" \/>\n<meta property=\"og:description\" content=\"&nbsp; Privacy Informativa resa ai sensi degli articoli 13-14 del GDPR 2016\/679 (General Data Protection Regulation) Ai sensi dell\u2019art. 13 del Regolamento UE 2016\/679 ed in [\u2026]\" \/>\n<meta property=\"og:url\" content=\"https:\/\/pastalori.it\/bio\/privacy-policy\/\" \/>\n<meta property=\"og:site_name\" content=\"PastaLori BIO\" \/>\n<meta property=\"article:publisher\" content=\"https:\/\/www.facebook.com\/pastalori\/\" \/>\n<meta name=\"twitter:card\" content=\"summary_large_image\" \/>\n<meta name=\"twitter:label1\" content=\"Tempo di lettura stimato\" \/>\n\t<meta name=\"twitter:data1\" content=\"3 minuti\" \/>\n<script type=\"application\/ld+json\" class=\"yoast-schema-graph\">{\"@context\":\"https:\/\/schema.org\",\"@graph\":[{\"@type\":\"WebPage\",\"@id\":\"https:\/\/pastalori.it\/bio\/privacy-policy\/\",\"url\":\"https:\/\/pastalori.it\/bio\/privacy-policy\/\",\"name\":\"Privacy Policy - PastaLori BIO\",\"isPartOf\":{\"@id\":\"https:\/\/pastalori.it\/bio\/#website\"},\"datePublished\":\"2019-07-03T14:47:16+00:00\",\"breadcrumb\":{\"@id\":\"https:\/\/pastalori.it\/bio\/privacy-policy\/#breadcrumb\"},\"inLanguage\":\"it-IT\",\"potentialAction\":[{\"@type\":\"ReadAction\",\"target\":[\"https:\/\/pastalori.it\/bio\/privacy-policy\/\"]}]},{\"@type\":\"BreadcrumbList\",\"@id\":\"https:\/\/pastalori.it\/bio\/privacy-policy\/#breadcrumb\",\"itemListElement\":[{\"@type\":\"ListItem\",\"position\":1,\"name\":\"Home\",\"item\":\"https:\/\/pastalori.it\/bio\/\"},{\"@type\":\"ListItem\",\"position\":2,\"name\":\"Privacy Policy\"}]},{\"@type\":\"WebSite\",\"@id\":\"https:\/\/pastalori.it\/bio\/#website\",\"url\":\"https:\/\/pastalori.it\/bio\/\",\"name\":\"Pasta Lori BIO\",\"description\":\"Pasta 100% Biologica\",\"publisher\":{\"@id\":\"https:\/\/pastalori.it\/bio\/#organization\"},\"potentialAction\":[{\"@type\":\"SearchAction\",\"target\":{\"@type\":\"EntryPoint\",\"urlTemplate\":\"https:\/\/pastalori.it\/bio\/?s={search_term_string}\"},\"query-input\":{\"@type\":\"PropertyValueSpecification\",\"valueRequired\":true,\"valueName\":\"search_term_string\"}}],\"inLanguage\":\"it-IT\"},{\"@type\":\"Organization\",\"@id\":\"https:\/\/pastalori.it\/bio\/#organization\",\"name\":\"Pasta Lori\",\"url\":\"https:\/\/pastalori.it\/bio\/\",\"logo\":{\"@type\":\"ImageObject\",\"inLanguage\":\"it-IT\",\"@id\":\"https:\/\/pastalori.it\/bio\/#\/schema\/logo\/image\/\",\"url\":\"https:\/\/pastalori.it\/bio\/wp-content\/uploads\/2021\/07\/logo_biolori.png\",\"contentUrl\":\"https:\/\/pastalori.it\/bio\/wp-content\/uploads\/2021\/07\/logo_biolori.png\",\"width\":1558,\"height\":1637,\"caption\":\"Pasta Lori\"},\"image\":{\"@id\":\"https:\/\/pastalori.it\/bio\/#\/schema\/logo\/image\/\"},\"sameAs\":[\"https:\/\/www.facebook.com\/pastalori\/\",\"https:\/\/www.instagram.com\/pastalori\/\"]}]}<\/script>\n<!-- \/ Yoast SEO plugin. -->","yoast_head_json":{"title":"Privacy Policy - PastaLori BIO","robots":{"index":"index","follow":"follow","max-snippet":"max-snippet:-1","max-image-preview":"max-image-preview:large","max-video-preview":"max-video-preview:-1"},"canonical":"https:\/\/pastalori.it\/bio\/privacy-policy\/","og_locale":"it_IT","og_type":"article","og_title":"Privacy Policy - PastaLori BIO","og_description":"&nbsp; Privacy Informativa resa ai sensi degli articoli 13-14 del GDPR 2016\/679 (General Data Protection Regulation) Ai sensi dell\u2019art. 13 del Regolamento UE 2016\/679 ed in [\u2026]","og_url":"https:\/\/pastalori.it\/bio\/privacy-policy\/","og_site_name":"PastaLori BIO","article_publisher":"https:\/\/www.facebook.com\/pastalori\/","twitter_card":"summary_large_image","twitter_misc":{"Tempo di lettura stimato":"3 minuti"},"schema":{"@context":"https:\/\/schema.org","@graph":[{"@type":"WebPage","@id":"https:\/\/pastalori.it\/bio\/privacy-policy\/","url":"https:\/\/pastalori.it\/bio\/privacy-policy\/","name":"Privacy Policy - PastaLori BIO","isPartOf":{"@id":"https:\/\/pastalori.it\/bio\/#website"},"datePublished":"2019-07-03T14:47:16+00:00","breadcrumb":{"@id":"https:\/\/pastalori.it\/bio\/privacy-policy\/#breadcrumb"},"inLanguage":"it-IT","potentialAction":[{"@type":"ReadAction","target":["https:\/\/pastalori.it\/bio\/privacy-policy\/"]}]},{"@type":"BreadcrumbList","@id":"https:\/\/pastalori.it\/bio\/privacy-policy\/#breadcrumb","itemListElement":[{"@type":"ListItem","position":1,"name":"Home","item":"https:\/\/pastalori.it\/bio\/"},{"@type":"ListItem","position":2,"name":"Privacy Policy"}]},{"@type":"WebSite","@id":"https:\/\/pastalori.it\/bio\/#website","url":"https:\/\/pastalori.it\/bio\/","name":"Pasta Lori BIO","description":"Pasta 100% Biologica","publisher":{"@id":"https:\/\/pastalori.it\/bio\/#organization"},"potentialAction":[{"@type":"SearchAction","target":{"@type":"EntryPoint","urlTemplate":"https:\/\/pastalori.it\/bio\/?s={search_term_string}"},"query-input":{"@type":"PropertyValueSpecification","valueRequired":true,"valueName":"search_term_string"}}],"inLanguage":"it-IT"},{"@type":"Organization","@id":"https:\/\/pastalori.it\/bio\/#organization","name":"Pasta Lori","url":"https:\/\/pastalori.it\/bio\/","logo":{"@type":"ImageObject","inLanguage":"it-IT","@id":"https:\/\/pastalori.it\/bio\/#\/schema\/logo\/image\/","url":"https:\/\/pastalori.it\/bio\/wp-content\/uploads\/2021\/07\/logo_biolori.png","contentUrl":"https:\/\/pastalori.it\/bio\/wp-content\/uploads\/2021\/07\/logo_biolori.png","width":1558,"height":1637,"caption":"Pasta Lori"},"image":{"@id":"https:\/\/pastalori.it\/bio\/#\/schema\/logo\/image\/"},"sameAs":["https:\/\/www.facebook.com\/pastalori\/","https:\/\/www.instagram.com\/pastalori\/"]}]}},"_links":{"self":[{"href":"https:\/\/pastalori.it\/bio\/wp-json\/wp\/v2\/pages\/1136","targetHints":{"allow":["GET"]}}],"collection":[{"href":"https:\/\/pastalori.it\/bio\/wp-json\/wp\/v2\/pages"}],"about":[{"href":"https:\/\/pastalori.it\/bio\/wp-json\/wp\/v2\/types\/page"}],"author":[{"embeddable":true,"href":"https:\/\/pastalori.it\/bio\/wp-json\/wp\/v2\/users\/1"}],"replies":[{"embeddable":true,"href":"https:\/\/pastalori.it\/bio\/wp-json\/wp\/v2\/comments?post=1136"}],"version-history":[{"count":1,"href":"https:\/\/pastalori.it\/bio\/wp-json\/wp\/v2\/pages\/1136\/revisions"}],"predecessor-version":[{"id":1137,"href":"https:\/\/pastalori.it\/bio\/wp-json\/wp\/v2\/pages\/1136\/revisions\/1137"}],"wp:attachment":[{"href":"https:\/\/pastalori.it\/bio\/wp-json\/wp\/v2\/media?parent=1136"}],"curies":[{"name":"wp","href":"https:\/\/api.w.org\/{rel}","templated":true}]}}